{"id":1571,"date":"2023-12-29T12:32:38","date_gmt":"2023-12-29T10:32:38","guid":{"rendered":"https:\/\/www.zbornik-eint.org\/?page_id=1571"},"modified":"2026-01-07T17:31:45","modified_gmt":"2026-01-07T15:31:45","slug":"proceedings-electrical-engineering-institute-nikola-tesla-vol-33-2023","status":"publish","type":"page","link":"http:\/\/www.zbornik-eint.org\/?page_id=1571&lang=en","title":{"rendered":"Proceedings, Electrical engineering institute Nikola Tesla, vol. 33, 2023"},"content":{"rendered":"\n<p><\/p>\n\n\n\n<p><\/p>\n\n\n\n<ol class=\"wp-block-list\">\n<li><strong><em>Investigation of Ferroresonance Phenomena in Isolated 6 kV Power Network<\/em><\/strong>, Ranko Jasika, Katarina Maksi\u0107, Jovan Mrvi\u0107, pp. <a href=\"http:\/\/www.zbornik-eint.org\/wp-content\/uploads\/2023\/12\/1-47844-Ranko-Jasika.pdf\" target=\"_blank\" rel=\"noreferrer noopener\">(1-47844)<\/a> <a href=\"https:\/\/scindeks.ceon.rs\/article.aspx?artid=0350-85282333001J\" target=\"_blank\" rel=\"noreferrer noopener\">SCIndeks<\/a><\/li>\n\n\n\n<li><strong><em>Examples of Power Transformers Testing after Outages and Bad Results of the Chemical Analysis of the Oil Sample<\/em><\/strong>, Mom\u010dilo Mili\u0107, \u0110or\u0111e Jovanovi\u0107, Marko Dimitrijevi\u0107, pp. 15 <a href=\"http:\/\/www.zbornik-eint.org\/wp-content\/uploads\/2023\/12\/2-47927-Momcilo.pdf\" target=\"_blank\" rel=\"noreferrer noopener\">(2-47927)<\/a> <a href=\"https:\/\/scindeks.ceon.rs\/article.aspx?artid=0350-85282333015M\" target=\"_blank\" rel=\"noreferrer noopener\">SCIndeks<\/a><\/li>\n\n\n\n<li><strong><em>Declaration of Conformity of Excitation System of Synchronous Machines<\/em><\/strong>, Zoran \u0106iri\u0107, Mihajlo Risti\u0107, pp. 33 <a href=\"http:\/\/www.zbornik-eint.org\/wp-content\/uploads\/2023\/12\/3-48333-Ciric.pdf\" target=\"_blank\" rel=\"noreferrer noopener\">(3-48333)<\/a> <a href=\"https:\/\/scindeks.ceon.rs\/article.aspx?artid=0350-85282333033Q\" target=\"_blank\" rel=\"noreferrer noopener\">SCIndeks<\/a><\/li>\n\n\n\n<li><strong><em>Hybrid Uninterruptible Power Supply System for Irrigation of Vegetable Crops<\/em><\/strong>, \u017deljko V. Despotovi\u0107, Ilija R. Stevanovi\u0107, Aleksandar Rodi\u0107, pp. 49 <a href=\"http:\/\/www.zbornik-eint.org\/wp-content\/uploads\/2023\/12\/4-48022-Despotovic-eng.pdf\" target=\"_blank\" rel=\"noreferrer noopener\">(4-48022)<\/a> <a href=\"https:\/\/scindeks.ceon.rs\/article.aspx?artid=0350-85282333049D\" target=\"_blank\" rel=\"noreferrer noopener\">SCIndeks<\/a><\/li>\n\n\n\n<li><strong><em>Frequency Controlled Drive of Vibrating Screens with Unbalanced Exciters: Practical Implementation and Experimental Result<\/em><\/strong>s, \u017deljko V. Despotovi\u0107, Aleksandar M. Pavlovi\u0107, Jovana Vuji\u0107, pp. <a href=\"http:\/\/www.zbornik-eint.org\/wp-content\/uploads\/2023\/12\/5-48149-Despotovic-srp.pdf\" target=\"_blank\" rel=\"noreferrer noopener\">(5-48149)<\/a> <a href=\"https:\/\/scindeks.ceon.rs\/article.aspx?artid=0350-85282333059D\" target=\"_blank\" rel=\"noreferrer noopener\">SCIndeks<\/a><\/li>\n\n\n\n<li><strong><em>Parameter Selection and Analysis of Dynamic Characteristics of an Under-Excitation Limiter Using a Computer Model,<\/em><\/strong> Du\u0161an Joksimovi\u0107, \u0110or\u0111e Stoji\u0107, Slavko Veinovi\u0107, Luka Ivanovi\u0107, Ilija Klasni\u0107, Nemanja Miloj\u010di\u0107  pp. 75 <a href=\"http:\/\/www.zbornik-eint.org\/wp-content\/uploads\/2023\/12\/6-48352-Joksimovic.pdf\" target=\"_blank\" rel=\"noreferrer noopener\">(6-48352)<\/a> <a href=\"https:\/\/scindeks.ceon.rs\/article.aspx?artid=0350-85282333075J\" target=\"_blank\" rel=\"noreferrer noopener\">SCIndeks<\/a><\/li>\n<\/ol>\n","protected":false},"excerpt":{"rendered":"","protected":false},"author":1,"featured_media":0,"parent":393,"menu_order":2,"comment_status":"closed","ping_status":"closed","template":"","meta":{"_monsterinsights_skip_tracking":false,"_monsterinsights_sitenote_active":false,"_monsterinsights_sitenote_note":"","_monsterinsights_sitenote_category":0,"footnotes":""},"class_list":["post-1571","page","type-page","status-publish","hentry"],"_links":{"self":[{"href":"http:\/\/www.zbornik-eint.org\/index.php?rest_route=\/wp\/v2\/pages\/1571","targetHints":{"allow":["GET"]}}],"collection":[{"href":"http:\/\/www.zbornik-eint.org\/index.php?rest_route=\/wp\/v2\/pages"}],"about":[{"href":"http:\/\/www.zbornik-eint.org\/index.php?rest_route=\/wp\/v2\/types\/page"}],"author":[{"embeddable":true,"href":"http:\/\/www.zbornik-eint.org\/index.php?rest_route=\/wp\/v2\/users\/1"}],"replies":[{"embeddable":true,"href":"http:\/\/www.zbornik-eint.org\/index.php?rest_route=%2Fwp%2Fv2%2Fcomments&post=1571"}],"version-history":[{"count":3,"href":"http:\/\/www.zbornik-eint.org\/index.php?rest_route=\/wp\/v2\/pages\/1571\/revisions"}],"predecessor-version":[{"id":1581,"href":"http:\/\/www.zbornik-eint.org\/index.php?rest_route=\/wp\/v2\/pages\/1571\/revisions\/1581"}],"up":[{"embeddable":true,"href":"http:\/\/www.zbornik-eint.org\/index.php?rest_route=\/wp\/v2\/pages\/393"}],"wp:attachment":[{"href":"http:\/\/www.zbornik-eint.org\/index.php?rest_route=%2Fwp%2Fv2%2Fmedia&parent=1571"}],"curies":[{"name":"wp","href":"https:\/\/api.w.org\/{rel}","templated":true}]}}