{"id":281,"date":"2015-04-24T09:16:22","date_gmt":"2015-04-24T07:16:22","guid":{"rendered":"http:\/\/www.zbornik-eint.org\/?page_id=281"},"modified":"2024-12-29T22:17:36","modified_gmt":"2024-12-29T20:17:36","slug":"zbornik-radova-elektrotehnicki-institut-nikola-tesla-knjiga-16-2004","status":"publish","type":"page","link":"http:\/\/www.zbornik-eint.org\/?page_id=281&lang=sr","title":{"rendered":"Zbornik radova, Elektrotehni\u010dki institut Nikola Tesla, knjiga 16, 2004"},"content":{"rendered":"<ol>\n<li><em>Upravljanje tokovima aktivnih snaga pomo\u0107u stati\u010dkih transformatora za regulaciju ugla<\/em>, Dragan P. Popovi\u0107, str. 1 (<a href=\"http:\/\/www.zbornik-eint.org\/wp-content\/uploads\/2015\/04\/1.Upravljanje-tokovima-aktivnih-snaga.pdf\">1-2004<\/a>)<\/li>\n<li><em>Matemati\u010dki modeli hidrauli\u010dkih sistema hidroelektrana<\/em>, Du\u0161an Arnautovi\u0107, str. 19 (<a href=\"http:\/\/www.zbornik-eint.org\/wp-content\/uploads\/2015\/04\/2.Matematicki-model-hidraulickih-sistema-hidroelektrana.pdf\">2-2004<\/a>)<\/li>\n<li><em>Pregled standarda i preporuka za kontrolu vi\u0161ih harmonika u elektri\u010dnim mre\u017eama<\/em>, \u017darko S. Janda, str. 33 (<a href=\"http:\/\/www.zbornik-eint.org\/wp-content\/uploads\/2015\/04\/3.Pregled-standarda-i-preporuka-za-kontrolu-visih-harmonika.pdf\">3-2004<\/a>)<\/li>\n<li><em>Tiristorski sistem pobude sa elektri\u010dnim ko\u010denjem i digitalnim automatskim regulatorom pobude u HE\u00a0\u201cBistrica\u201d<\/em>, Ilija Stevanovi\u0107, \u0110or\u0111e Stoji\u0107, Zoran \u0106iri\u0107, str. 47 (<a href=\"http:\/\/www.zbornik-eint.org\/wp-content\/uploads\/2015\/04\/4.Tiristorski-sistem-pobude-sa-elektricnim-kocenjem.pdf\">4-2004<\/a>)<\/li>\n<li><em>Mikroprocesorsko upravljanje dvanaesto-pulsnim rednim tiristorskim mostom<\/em>, Vladimir Vuki\u0107, Marko Jankovi\u0107, Rajko Prole, str. 61 (<a href=\"http:\/\/www.zbornik-eint.org\/wp-content\/uploads\/2015\/04\/5.Mikroprocesorsko-upravljanje-dvanaestopulsnim-rednim-tiristorskim-mostom.pdf\">5-2004<\/a>)<\/li>\n<li><em>Penaponi i struje pri pojavi zemljospoja u mre\u017eama 6 kV Sartid-a, <\/em>Petar Vukelja, Jovan Mrvi\u0107, Dejan Hrvi\u0107, Mladen \u0160upi\u0107, Mom\u010dilo Petrovi\u0107, str. 69 (<a href=\"http:\/\/www.zbornik-eint.org\/wp-content\/uploads\/2015\/04\/6.Prenaponi-i-struje-pri-pojavi-zemljospoja.pdf\">6-2004<\/a>)<\/li>\n<li>\u00a0<em>Prenaponi i struje pri uklju\u010denju i isklju\u010denju visokonaponskih motora u mre\u017ei 6\u00a0kV Sartid-a<\/em>, Petar Vukelja, Jovan Mrvi\u0107, Dejan Hrvi\u0107, Ninoslav Simi\u0107, str. 79 (<a href=\"http:\/\/www.zbornik-eint.org\/wp-content\/uploads\/2015\/04\/7.Prenaponi-i-struje-pri-ukljucenju-i-iskljucenju.pdf\">7-2004<\/a>)<\/li>\n<li><em>Novi koncept analize papirno-uljnog izolacionog sistema transformatora<\/em>, Jelena Luki\u0107, Ksenija Draki\u0107, Sla\u0111ana Gavran\u010di\u0107, Sne\u017eana Kova\u010devi\u0107, str. 91 (<a href=\"http:\/\/www.zbornik-eint.org\/wp-content\/uploads\/2015\/04\/8.Novi-koncept-analize-papirno-uljnog-izolacionog-sistema-transformatora.pdf\">8-2004<\/a>)<\/li>\n<li><em>Pregled stanja energetskih transformatora analizom baze podataka ispitivanih uzoraka<\/em>, Ksenija Draki\u0107, Jelena Luki\u0107, Sla\u0111ana Gavran\u010di\u0107, Sne\u017eana Kova\u010devi\u0107, str. 101 (<a href=\"http:\/\/www.zbornik-eint.org\/wp-content\/uploads\/2015\/04\/9.Pregled-stanja-energetskih-transformatora-analizom.pdf\">9-2004<\/a>)<\/li>\n<li><em>Merenje ja\u010dina elektri\u010dnog i magnetskog polja u TS\u00a0400\u00a0kV\/110\u00a0kV\u00a0 \u201cSubotica\u00a03\u201d, <\/em>Mladen \u0160upi\u0107, Mom\u010dilo Petrovi\u0107, Aleksandar Pavlovi\u0107, Dejan Hrvi\u0107, str. 115 (<a href=\"http:\/\/www.zbornik-eint.org\/wp-content\/uploads\/2015\/04\/10.Merenje-jacine-magnetskog-polja.pdf\">10-2004<\/a>)<\/li>\n<\/ol>\n","protected":false},"excerpt":{"rendered":"<p>Upravljanje tokovima aktivnih snaga pomo\u0107u stati\u010dkih transformatora za regulaciju ugla, Dragan P. Popovi\u0107, str. 1 (1-2004) Matemati\u010dki modeli hidrauli\u010dkih sistema hidroelektrana, Du\u0161an Arnautovi\u0107, str. 19 (2-2004) Pregled standarda i preporuka za kontrolu vi\u0161ih harmonika u elektri\u010dnim mre\u017eama, \u017darko S. Janda, str. 33 (3-2004) Tiristorski sistem pobude sa elektri\u010dnim ko\u010denjem i digitalnim automatskim regulatorom pobude u &hellip; <a href=\"http:\/\/www.zbornik-eint.org\/?page_id=281&#038;lang=sr\" class=\"more-link\">Continue reading <span class=\"screen-reader-text\">Zbornik radova, Elektrotehni\u010dki institut Nikola Tesla, knjiga 16, 2004<\/span> <span class=\"meta-nav\">&rarr;<\/span><\/a><\/p>\n","protected":false},"author":1,"featured_media":0,"parent":63,"menu_order":19,"comment_status":"closed","ping_status":"closed","template":"","meta":{"_monsterinsights_skip_tracking":false,"_monsterinsights_sitenote_active":false,"_monsterinsights_sitenote_note":"","_monsterinsights_sitenote_category":0,"footnotes":""},"class_list":["post-281","page","type-page","status-publish","hentry"],"_links":{"self":[{"href":"http:\/\/www.zbornik-eint.org\/index.php?rest_route=\/wp\/v2\/pages\/281","targetHints":{"allow":["GET"]}}],"collection":[{"href":"http:\/\/www.zbornik-eint.org\/index.php?rest_route=\/wp\/v2\/pages"}],"about":[{"href":"http:\/\/www.zbornik-eint.org\/index.php?rest_route=\/wp\/v2\/types\/page"}],"author":[{"embeddable":true,"href":"http:\/\/www.zbornik-eint.org\/index.php?rest_route=\/wp\/v2\/users\/1"}],"replies":[{"embeddable":true,"href":"http:\/\/www.zbornik-eint.org\/index.php?rest_route=%2Fwp%2Fv2%2Fcomments&post=281"}],"version-history":[{"count":3,"href":"http:\/\/www.zbornik-eint.org\/index.php?rest_route=\/wp\/v2\/pages\/281\/revisions"}],"predecessor-version":[{"id":295,"href":"http:\/\/www.zbornik-eint.org\/index.php?rest_route=\/wp\/v2\/pages\/281\/revisions\/295"}],"up":[{"embeddable":true,"href":"http:\/\/www.zbornik-eint.org\/index.php?rest_route=\/wp\/v2\/pages\/63"}],"wp:attachment":[{"href":"http:\/\/www.zbornik-eint.org\/index.php?rest_route=%2Fwp%2Fv2%2Fmedia&parent=281"}],"curies":[{"name":"wp","href":"https:\/\/api.w.org\/{rel}","templated":true}]}}