{"id":75,"date":"2015-04-21T09:58:24","date_gmt":"2015-04-21T07:58:24","guid":{"rendered":"http:\/\/www.zbornik-eint.org\/?page_id=75"},"modified":"2024-12-29T22:17:35","modified_gmt":"2024-12-29T20:17:35","slug":"zbornik-radova-knjiga-23-2013","status":"publish","type":"page","link":"http:\/\/www.zbornik-eint.org\/?page_id=75&lang=sr","title":{"rendered":"Zbornik radova, Elektrotehni\u010dki institut Nikola Tesla, knjiga 23, 2013"},"content":{"rendered":"<ol>\n<li><em>\u041c\u0440\u0435\u0436\u043e\u043c \u043a\u043e\u043c\u0443\u0442\u043e\u0432\u0430\u043d\u0438 \u0444\u0430\u0437\u043d\u043e \u0440\u0435\u0433\u0443\u043b\u0438\u0441\u0430\u043d\u0438 \u0438\u0441\u043f\u0440\u0430\u0432\u0459\u0430\u0447\u0438 \u0441\u0430 \u0430\u0434\u0430\u043f\u0442\u0438\u0432\u043d\u0438\u043c \u0434\u0438\u0433\u0438\u0442\u0430\u043b\u043d\u0438\u043c \u0440\u0435\u0433\u0443\u043b\u0430\u0442\u043e\u0440\u0438\u043c\u0430, <\/em>V.<em>\u00a0<\/em>Vuki\u0107 , str. 1 (<a href=\"http:\/\/www.zbornik-eint.org\/wp-content\/uploads\/2015\/04\/1.pdf\">1<\/a>)\u00a0<a href=\"http:\/\/scindeks.ceon.rs\/article.aspx?artid=0350-85281323001V\" target=\"_blank\" rel=\"noopener noreferrer\">SCIndeks<\/a><\/li>\n<li><em>Izvor stabilisanog monofaznog napona do 60V, struje do 6A i podesivog ugla izme\u0111u napona i struje u granicama 0 do 360\u00b0,<\/em> A.\u00a0\u017digi\u0107, S. Milosavljevi\u0107, I. Luki\u0107, S. \u0160kundri\u0107, D. Boli\u0107, N. Caki\u0107, str. 19 (<a href=\"http:\/\/www.zbornik-eint.org\/wp-content\/uploads\/2015\/04\/2.pdf\">2<\/a>)\u00a0<a href=\"http:\/\/scindeks.ceon.rs\/article.aspx?artid=0350-85281323019Z\" target=\"_blank\" rel=\"noopener noreferrer\">SCIndeks<\/a><\/li>\n<li><em>Projektovanje robusnog regulatora pobude na osnovu intervalnog modela generatora, <\/em>\u0110. Stoji\u0107, M. Milinkovi\u0107, S. Veinovi\u0107, D. Joksimovi\u0107, N. Miloj\u010di\u0107, I. Klasni\u0107, D. Arnautovi\u0107, str. \u00a033 (<a href=\"http:\/\/www.zbornik-eint.org\/wp-content\/uploads\/2015\/04\/3.pdf\">3<\/a>)\u00a0<a href=\"http:\/\/scindeks.ceon.rs\/article.aspx?artid=0350-85281323033S\" target=\"_blank\" rel=\"noopener noreferrer\">SCIndeks<\/a><\/li>\n<li><em>Sistem pobude sinhronog generatora snage 727.5\u00a0MVA bloka B1 u TE \u201cNikola Tesla b\u201d, Z.<\/em>\u00a0\u0106iri\u0107, \u0110. Stoji\u0107, D. Arnautovi\u0107, D. Joksimovi\u0107, M. Milinkovi\u0107, S. Veinovi\u0107, N. Miloj\u010di\u0107, str. 47 (<a href=\"http:\/\/www.zbornik-eint.org\/wp-content\/uploads\/2015\/04\/4.pdf\">4<\/a>)\u00a0<a href=\"http:\/\/scindeks.ceon.rs\/article.aspx?artid=0350-85281323047C\" target=\"_blank\" rel=\"noopener noreferrer\">SCIndeks<\/a><\/li>\n<li><em>Ispitivanje kvaliteta rada agregata A5 u TE \u201eKolubara\u201c u primarnoj regulaciji u\u010destanosti,<\/em>\u00a0J. Pavlovi\u0107, D. D\u017eep\u010deski, V. Stanoj\u010di\u0107, D. Arnautovi\u0107, S. Bogdanovi\u0107, A. Latinovi\u0107, D. Duboka, str. 75 (<a href=\"http:\/\/www.zbornik-eint.org\/wp-content\/uploads\/2015\/04\/5.pdf\">5<\/a>)\u00a0<a href=\"http:\/\/scindeks.ceon.rs\/article.aspx?artid=0350-85281323075P\" target=\"_blank\" rel=\"noopener noreferrer\">SCIndeks<\/a><\/li>\n<li><em>Grupna regulacija pobude i reaktivnih snaga u elektrani,<\/em>\u00a0J. Dragosavac, \u017d. Janda, T. Gaji\u0107, S. Dobri\u010di\u0107, J. Pavlovi\u0107, D. Arnautovi\u0107, str. 85 (<a href=\"http:\/\/www.zbornik-eint.org\/wp-content\/uploads\/2015\/04\/6.pdf\">6<\/a>)\u00a0<a href=\"http:\/\/scindeks.ceon.rs\/article.aspx?artid=0350-85281323085D\" target=\"_blank\" rel=\"noopener noreferrer\">SCIndeks<\/a><\/li>\n<li><em>Komunikacione tehnologije u naprednoj elektroenergetskoj mre\u017ei, <\/em>N<em>.\u00a0<\/em>Miladinovi\u0107, V. Polu\u017eanski, S. Milosavljevi\u0107, str.\u00a099 (<a href=\"http:\/\/www.zbornik-eint.org\/wp-content\/uploads\/2015\/04\/7.pdf\">7<\/a>)\u00a0<a href=\"http:\/\/scindeks.ceon.rs\/article.aspx?artid=0350-85281323099M\" target=\"_blank\" rel=\"noopener noreferrer\">SCIndeks<\/a><\/li>\n<li><em>Razvoj distribuiranih merno-upravlja\u010dkih sistema za primene u elektroenergetskom sistemu, <\/em>T<em>.\u00a0<\/em>Gaji\u0107, G. Sari\u0107, M. Jankovi\u0107, str. 111 (<a href=\"http:\/\/www.zbornik-eint.org\/wp-content\/uploads\/2015\/04\/8.pdf\">8<\/a>)\u00a0<a href=\"http:\/\/scindeks.ceon.rs\/article.aspx?artid=0350-85281323111G\" target=\"_blank\" rel=\"noopener noreferrer\">SCIndeks<\/a><\/li>\n<li><em>Metoda za prora\u010dun neisporu\u010dene elektri\u010dne energije u srednjenaponskoj mre\u017ei koja nije integrisana u sistem daljinskog upravljanja<\/em>, N. Vrcelj, str. 125 (<a href=\"http:\/\/www.zbornik-eint.org\/wp-content\/uploads\/2015\/04\/9.pdf\">9<\/a>)\u00a0<a href=\"http:\/\/scindeks.ceon.rs\/article.aspx?artid=0350-85281323125V\" target=\"_blank\" rel=\"noopener noreferrer\">SCIndeks<\/a><\/li>\n<li><em>Metodologija za prora\u010dun uticaja distribuirane proizvodnje na gubitke energije u distributivnoj mre\u017ei<\/em><em>,<\/em>\u00a0J. Peri\u0107, S. Mini\u0107, str. 141 (<a href=\"http:\/\/www.zbornik-eint.org\/wp-content\/uploads\/2015\/04\/10.pdf\">10<\/a>)\u00a0<a href=\"http:\/\/scindeks.ceon.rs\/article.aspx?artid=0350-85281323125V\" target=\"_blank\" rel=\"noopener noreferrer\">SCIndeks<\/a><\/li>\n<li><em>Neisporu<\/em><em>\u010d<\/em><em>ena<\/em> <em>elektri<\/em><em>\u010d<\/em><em>na<\/em> <em>energija<\/em> <em>kao<\/em> <em>pokazatelj<\/em> <em>efekata<\/em> <em>automatizacije<\/em> <em>u<\/em> <em>mre<\/em><em>\u017e<\/em><em>i<\/em><em> 10 <\/em><em>kV<\/em> <em>PD<\/em> <em>ED<\/em> <em>Beograd<\/em><em>,<\/em> N.\u00a0Vrcelj, S. Ivkovi\u0107, J. Peri\u0107, D. \u0110or\u0111evi\u0107, T. Jovanovi\u0107, B. \u0106upi\u0107, A. Ivanov, S. Mini\u0107, str. 157 (<a href=\"http:\/\/www.zbornik-eint.org\/wp-content\/uploads\/2015\/04\/11.pdf\">11<\/a>)\u00a0<a href=\"http:\/\/scindeks.ceon.rs\/article.aspx?artid=0350-85281323125V\" target=\"_blank\" rel=\"noopener noreferrer\">SCIndeks<\/a><\/li>\n<\/ol>\n<ol start=\"12\">\n<li><em>\u041c\u0435\u0452\u0443\u043b\u0430\u0431\u043e\u0440\u0430\u0442\u043e\u0440\u0438\u0458\u0441\u043a\u043e \u043f\u043e\u0440\u0435\u0452\u0435\u045a\u0435 \u0440\u0435\u0437\u0443\u043b\u0442\u0430\u0442\u0430 \u043c\u0435\u0440\u0435\u045a\u0430 \u0438 \u043f\u0440\u043e\u0440\u0430\u0447\u0443\u043d\u0430 \u0458\u0430\u0447\u0438\u043d\u0435 \u0435\u043b\u0435\u043a\u0442\u0440\u0438\u0447\u043d\u043e\u0433 \u043f\u043e\u0459\u0430\u043d\u0430\u0434\u0437\u0435\u043c\u043d\u043e\u0433 \u0432\u043e\u0434\u0430 \u043d\u0430\u043f\u043e\u043d\u0441\u043a\u043e\u0433 \u043d\u0438\u0432\u043e\u0430 35\u00a0kV,<\/em> M. Grbi\u0107, A. Pavlovi\u0107, B. Vulevi\u0107, str. 165 (<a href=\"http:\/\/www.zbornik-eint.org\/wp-content\/uploads\/2015\/04\/12.pdf\">12<\/a>)\u00a0<a href=\"http:\/\/scindeks.ceon.rs\/article.aspx?artid=0350-85281323165G\" target=\"_blank\" rel=\"noopener noreferrer\">SCIndeks<\/a><\/li>\n<li><em>Prenaponi<\/em> <em>pri<\/em> <em>operacijama<\/em> <em>vakuumskih<\/em> <em>sklopnih<\/em> <em>aparata<\/em><em>, <\/em>P. Vukelja, R. Naumov, J. Mrvi\u0107, D. Hrvi\u0107, str. 177 (<a href=\"http:\/\/www.zbornik-eint.org\/wp-content\/uploads\/2015\/04\/13.pdf\">13<\/a>)\u00a0<a href=\"http:\/\/scindeks.ceon.rs\/article.aspx?artid=0350-85281323177V\" target=\"_blank\" rel=\"noopener noreferrer\">SCIndeks<\/a><\/li>\n<li><em>\u0418\u043d\u0442\u0435\u0440\u043f\u0440\u0435\u0442\u0430\u0446\u0438\u0458\u0430 \u0440\u0435\u0437\u0443\u043b\u0442\u0430\u0442\u0430 \u0433\u0435\u043e\u0435\u043b\u0435\u043a\u0442\u0440\u0438\u0447\u043d\u043e\u0433 \u0441\u043e\u043d\u0434\u0438\u0440\u0430\u045a\u0430 \u0437\u0430\u0441\u043d\u043e\u0432\u0430\u043d\u0430 \u043d\u0430 \u043c\u0430\u0442\u0435\u043c\u0430\u0442\u0438\u0447\u043a\u043e\u043c \u043c\u043e\u0434\u0435\u043b\u0443 \u0434\u0432\u043e\u0441\u043b\u043e\u0458\u043d\u043e\u0433 \u0442\u043b\u0430<\/em><em>, <\/em>M. Grbi\u0107, D. Salamon, A. Pavlovi\u0107, str. 189 (<a href=\"http:\/\/www.zbornik-eint.org\/wp-content\/uploads\/2015\/04\/14.pdf\">14<\/a>)\u00a0<a href=\"http:\/\/scindeks.ceon.rs\/article.aspx?artid=0350-85281323189G\" target=\"_blank\" rel=\"noopener noreferrer\">SCIndeks<\/a><\/li>\n<li><em>Analiza mogu\u0107nosti formiranja kriterijuma za rano dijagnostifikovanje Parkinsonove bolesti na bazi karakteristika regrutne krive, <\/em>M.\u00a0Jankovi\u0107, A. Ka\u010dar, str.\u00a0199 (<a href=\"http:\/\/www.zbornik-eint.org\/wp-content\/uploads\/2015\/04\/15.pdf\">15<\/a>)\u00a0<a href=\"http:\/\/scindeks.ceon.rs\/article.aspx?artid=0350-85281323199J\" target=\"_blank\" rel=\"noopener noreferrer\">SCIndeks<\/a><\/li>\n<\/ol>\n","protected":false},"excerpt":{"rendered":"<p>\u041c\u0440\u0435\u0436\u043e\u043c \u043a\u043e\u043c\u0443\u0442\u043e\u0432\u0430\u043d\u0438 \u0444\u0430\u0437\u043d\u043e \u0440\u0435\u0433\u0443\u043b\u0438\u0441\u0430\u043d\u0438 \u0438\u0441\u043f\u0440\u0430\u0432\u0459\u0430\u0447\u0438 \u0441\u0430 \u0430\u0434\u0430\u043f\u0442\u0438\u0432\u043d\u0438\u043c \u0434\u0438\u0433\u0438\u0442\u0430\u043b\u043d\u0438\u043c \u0440\u0435\u0433\u0443\u043b\u0430\u0442\u043e\u0440\u0438\u043c\u0430, V.\u00a0Vuki\u0107 , str. 1 (1)\u00a0SCIndeks Izvor stabilisanog monofaznog napona do 60V, struje do 6A i podesivog ugla izme\u0111u napona i struje u granicama 0 do 360\u00b0, A.\u00a0\u017digi\u0107, S. Milosavljevi\u0107, I. Luki\u0107, S. \u0160kundri\u0107, D. Boli\u0107, N. Caki\u0107, str. 19 (2)\u00a0SCIndeks Projektovanje robusnog regulatora pobude na osnovu &hellip; <a href=\"http:\/\/www.zbornik-eint.org\/?page_id=75&#038;lang=sr\" class=\"more-link\">Continue reading <span class=\"screen-reader-text\">Zbornik radova, Elektrotehni\u010dki institut Nikola Tesla, knjiga 23, 2013<\/span> <span class=\"meta-nav\">&rarr;<\/span><\/a><\/p>\n","protected":false},"author":1,"featured_media":0,"parent":63,"menu_order":12,"comment_status":"closed","ping_status":"closed","template":"","meta":{"_monsterinsights_skip_tracking":false,"_monsterinsights_sitenote_active":false,"_monsterinsights_sitenote_note":"","_monsterinsights_sitenote_category":0,"footnotes":""},"class_list":["post-75","page","type-page","status-publish","hentry"],"_links":{"self":[{"href":"http:\/\/www.zbornik-eint.org\/index.php?rest_route=\/wp\/v2\/pages\/75","targetHints":{"allow":["GET"]}}],"collection":[{"href":"http:\/\/www.zbornik-eint.org\/index.php?rest_route=\/wp\/v2\/pages"}],"about":[{"href":"http:\/\/www.zbornik-eint.org\/index.php?rest_route=\/wp\/v2\/types\/page"}],"author":[{"embeddable":true,"href":"http:\/\/www.zbornik-eint.org\/index.php?rest_route=\/wp\/v2\/users\/1"}],"replies":[{"embeddable":true,"href":"http:\/\/www.zbornik-eint.org\/index.php?rest_route=%2Fwp%2Fv2%2Fcomments&post=75"}],"version-history":[{"count":12,"href":"http:\/\/www.zbornik-eint.org\/index.php?rest_route=\/wp\/v2\/pages\/75\/revisions"}],"predecessor-version":[{"id":1380,"href":"http:\/\/www.zbornik-eint.org\/index.php?rest_route=\/wp\/v2\/pages\/75\/revisions\/1380"}],"up":[{"embeddable":true,"href":"http:\/\/www.zbornik-eint.org\/index.php?rest_route=\/wp\/v2\/pages\/63"}],"wp:attachment":[{"href":"http:\/\/www.zbornik-eint.org\/index.php?rest_route=%2Fwp%2Fv2%2Fmedia&parent=75"}],"curies":[{"name":"wp","href":"https:\/\/api.w.org\/{rel}","templated":true}]}}