{"id":1415,"date":"2022-01-03T14:31:57","date_gmt":"2022-01-03T12:31:57","guid":{"rendered":"http:\/\/www.zbornik-eint.org\/?page_id=1415"},"modified":"2024-12-29T22:17:35","modified_gmt":"2024-12-29T20:17:35","slug":"zbornik-radova-elektrotehnicki-institut-nikola-tesla-knjiga-31-2021","status":"publish","type":"page","link":"https:\/\/www.zbornik-eint.org\/?page_id=1415&lang=sr","title":{"rendered":"Zbornik radova, Elektrotehni\u010dki institut Nikola Tesla, knjiga 31, 2021"},"content":{"rendered":"\n<ol class=\"wp-block-list\"><li><strong><em>Primena Hejdlerove funkcije u programima za elektromagnetne prelazne procese<\/em><\/strong>, Jovan Mrvi\u0107, Ranko Jasika, Ninoslav Simi\u0107, str. 1 (<a rel=\"noreferrer noopener\" href=\"http:\/\/www.zbornik-eint.org\/wp-content\/uploads\/2021\/12\/1-32982-Jovan-Mrvic.pdf\" target=\"_blank\">1-32982<\/a>) <a href=\"https:\/\/scindeks.ceon.rs\/article.aspx?artid=0350-85282131001M\" target=\"_blank\" rel=\"noreferrer noopener\">Scindeks<\/a><\/li><li><strong><em>Uticaj potro\u0161a\u010da na odr\u017eivu dekarbonizaciju budu\u0107eg elektroenergetskog sistema<\/em><\/strong>, Vladimir M. \u0160iljkut str. 13 (<a rel=\"noreferrer noopener\" href=\"http:\/\/www.zbornik-eint.org\/wp-content\/uploads\/2021\/12\/2-34268-Siljkut.pdf\" target=\"_blank\">2-34268<\/a>) <a href=\"https:\/\/scindeks.ceon.rs\/article.aspx?artid=0350-85282131013Q\" target=\"_blank\" rel=\"noreferrer noopener\">Scindeks<\/a><\/li><li><strong><em>Razmatranje koordinacije izolacije u energetskim pretvara\u010dima: osnovni pojmovi i pregled standarda u oblasti<\/em><\/strong>, \u017deljko V. Despotovi\u0107, str 39 (<a rel=\"noreferrer noopener\" href=\"http:\/\/www.zbornik-eint.org\/wp-content\/uploads\/2021\/12\/3-34666-Despotovic.pdf\" target=\"_blank\">3-34666<\/a>) <a href=\"https:\/\/scindeks.ceon.rs\/article.aspx?artid=0350-85282131039D\" target=\"_blank\" rel=\"noreferrer noopener\">Scindeks<\/a><\/li><li><strong><em>Karakteristi\u010dni primeri koordinacije izolacije u energetskim pretvara\u010dima<\/em><\/strong>, \u017deljko V. Despotovi\u0107, str 57 (<a rel=\"noreferrer noopener\" href=\"http:\/\/www.zbornik-eint.org\/wp-content\/uploads\/2021\/12\/4-34667-Despotovic.pdf\" target=\"_blank\">4-34667<\/a>) <a href=\"https:\/\/scindeks.ceon.rs\/article.aspx?artid=0350-85282131057D\" target=\"_blank\" rel=\"noreferrer noopener\">Scindeks<\/a><\/li><li><strong><em>\u0418\u0441\u043f\u0438\u0442\u0438\u0432\u0430\u045a\u0430 \u0432\u0438\u0441\u043e\u043a\u043e\u043d\u0430\u043f\u043e\u043d\u0441\u043a\u0438\u0445 \u043c\u043e\u0442\u043e\u0440\u0430 \u043d\u0430 \u0442\u0435\u0440\u0435\u043d\u0443<\/em><\/strong>, \u041c\u043e\u043c\u0447\u0438\u043b\u043e \u041c\u0438\u043b\u0438\u045b, \u0402\u043e\u0440\u0452\u0435 \u0408\u043e\u0432\u0430\u043d\u043e\u0432\u0438\u045b, \u0414\u0435\u043d\u0438\u0441 \u0418\u043b\u0438\u045b, \u041d\u0438\u043a\u043e\u043b\u0430 \u0421\u0442\u0430\u043d\u043e\u0458\u0435\u0432\u0438\u045b, \u0420\u0430\u0434\u043c\u0438\u043b\u0430 \u041a\u0430\u043b\u0438\u0448\u043a\u0438\u045b, str. 85 (<a rel=\"noreferrer noopener\" href=\"http:\/\/www.zbornik-eint.org\/wp-content\/uploads\/2021\/12\/5-34740-Momcilo-Milic.pdf\" target=\"_blank\">5-34740<\/a>) <a href=\"https:\/\/scindeks.ceon.rs\/article.aspx?artid=0350-85282131085M\" target=\"_blank\" rel=\"noreferrer noopener\">Scindeks<\/a><\/li><li><strong><em>Fazi logi\u010dki ekspertski sistem za procenu stanja izolacionog sistema statora VN motora<\/em><\/strong>, Denis Ili\u0107, Mileta \u017darkovi\u0107, Mom\u010dilo Mili\u0107, \u0110or\u0111e Jovanovi\u0107, Radmila Partonji\u0107, Nikola Stanojevi\u0107, str. 103 (<a rel=\"noreferrer noopener\" href=\"http:\/\/www.zbornik-eint.org\/wp-content\/uploads\/2021\/12\/6-34709-Denis-Ilic.pdf\" target=\"_blank\">6-34709<\/a>) <a href=\"https:\/\/scindeks.ceon.rs\/article.aspx?artid=0350-85282131103I\" target=\"_blank\" rel=\"noreferrer noopener\">Scindeks<\/a><\/li><li><strong><em>Re\u0161avanje problema eksploatacije transformatora sa korozivnim sumporom desulfurizacijom ulja primenom jake neorganske baze i organskog rastvara\u010da<\/em><\/strong>, Dejan Kolarski, Jelena Jankovi\u0107, Draginja Mihajlovi\u0107, Neda Kova\u010devi\u0107, Jelena Luki\u0107, str. 113 (<a rel=\"noreferrer noopener\" href=\"http:\/\/www.zbornik-eint.org\/wp-content\/uploads\/2021\/12\/7-34696-Kolarski.pdf\" target=\"_blank\">7-34696<\/a>) <a href=\"https:\/\/scindeks.ceon.rs\/article.aspx?artid=0350-85282131113K\" target=\"_blank\" rel=\"noreferrer noopener\">Scindeks<\/a><\/li><li><strong><em>\u041a\u0430\u0440\u0430\u043a\u0442\u0435\u0440\u0438\u0437\u0430\u0446\u0438\u0458\u0430 \u0438\u0437\u043e\u043b\u0430\u0446\u0438\u043e\u043d\u0438\u0445 \u043f\u0430\u043f\u0438\u0440\u0430 \u043f\u0440\u0438\u043c\u0435\u043d\u043e\u043c FTIR-ATR \u0441\u043f\u0435\u043a\u0442\u0440\u043e\u0441\u043a\u043e\u043f\u0438\u0458\u0435<\/em><\/strong>, \u0408.\u041f\u043b\u0430\u043d\u043e\u0458\u0435\u0432\u0438\u045b, \u0408.\u041b\u0443\u043a\u0438\u045b, \u0412.\u0412\u0430\u0441\u043e\u0432\u0438\u045b , \u0414.\u041c\u0438\u0445\u0430\u0458\u043b\u043e\u0432\u0438\u045b, \u0408.\u0408\u0430\u043d\u043a\u043e\u0432\u0438\u045b, \u041d\u0435\u0434\u0430 \u041a\u043e\u0432\u0430\u0447\u0435\u0432\u0438\u045b, str. 125 (<a rel=\"noreferrer noopener\" href=\"http:\/\/www.zbornik-eint.org\/wp-content\/uploads\/2021\/12\/8-34754-Jelena-Planojevic.pdf\" target=\"_blank\">8-34754<\/a>) <a href=\"https:\/\/scindeks.ceon.rs\/article.aspx?artid=0350-85282131125P\" target=\"_blank\" rel=\"noreferrer noopener\">Scindeks<\/a><\/li><li><strong><em>Infracrveni senzori u tehni\u010dkim sredstvima specijalne namene<\/em><\/strong>, <br>Zoran Milanovi\u0107, Sa\u0161a Mili\u0107, Radovan Radovanovi\u0107, str. 137 (<a rel=\"noreferrer noopener\" href=\"http:\/\/www.zbornik-eint.org\/wp-content\/uploads\/2021\/12\/9-35005-Milanovic-Zoran.pdf\" target=\"_blank\">9-35005<\/a>) <a rel=\"noreferrer noopener\" href=\"https:\/\/scindeks.ceon.rs\/article.aspx?artid=0350-85282131137M\" target=\"_blank\">Scindeks<\/a><\/li><li><strong><em>Pametne mre\u017ee i pouzdanost elektroenergetskog sistema<\/em><\/strong>, Milica Dilpari\u0107 Caki\u0107, Mihajlo Risti\u0107, str. 155 (<a rel=\"noreferrer noopener\" href=\"http:\/\/www.zbornik-eint.org\/wp-content\/uploads\/2021\/12\/10-34940-Dilparic.pdf\" target=\"_blank\">10-34940<\/a>) <a rel=\"noreferrer noopener\" href=\"https:\/\/scindeks.ceon.rs\/article.aspx?artid=0350-85282131155D\" target=\"_blank\">Scindeks<\/a><\/li><li><strong><em>Koordinacija nekih funkcija sistema relejne za\u0161tite i sistema regulacije pobude sa pogonskim dijagramom<\/em><\/strong>, Darko Vu\u010di\u0107evi\u0107, Danilo Buha, Savo Marinkovi\u0107, Sa\u0161a Gligorov, Nevena Male\u0161evi\u0107, str. 167 (<a rel=\"noreferrer noopener\" href=\"http:\/\/www.zbornik-eint.org\/wp-content\/uploads\/2021\/12\/11-35025-Vucicevic1.pdf\" target=\"_blank\">11-35025<\/a>) <a rel=\"noreferrer noopener\" href=\"https:\/\/scindeks.ceon.rs\/article.aspx?artid=0350-85282131167V\" target=\"_blank\">Scindeks<\/a><\/li><li><strong><em>Koordinacija za\u0161tite od gubitka pobude sa funkcijom limitera minimalne pobude sistema regulacije napona<\/em><\/strong>, Darko Vu\u010di\u0107evi\u0107, Danilo Buha, Savo Marinkovi\u0107, Sa\u0161a Gligorov, Nevena Male\u0161evi\u0107, str. 183 (<a rel=\"noreferrer noopener\" href=\"http:\/\/www.zbornik-eint.org\/wp-content\/uploads\/2021\/12\/12-35028-Vucicevic2.pdf\" target=\"_blank\">12-35028<\/a>) <a rel=\"noreferrer noopener\" href=\"https:\/\/scindeks.ceon.rs\/article.aspx?artid=0350-85282131183V\" target=\"_blank\">Scindeks<\/a><\/li><li><em><strong>\u0410\u043d\u0430\u043b\u0438\u0437\u0430 \u0440\u0430\u0434\u0430 \u0434\u0438\u0444\u0435\u0440\u0435\u043d\u0446\u0438\u0458\u0430\u043b\u043d\u0435 \u0437\u0430\u0448\u0442\u0438\u0442\u0435 \u0442\u0440\u0430\u043d\u0441\u0444\u043e\u0440\u043c\u0430\u0442\u043e\u0440\u0430 \u043f\u0440\u0438 \u043f\u043e\u0458\u0430\u0432\u0438 \u0437\u0430\u0441\u0438\u045b\u0435\u045a\u0430 \u0441\u0442\u0440\u0443\u0458\u043d\u0438\u0445 \u043c\u0435\u0440\u043d\u0438\u0445 \u0442\u0440\u0430\u043d\u0441\u0444\u043e\u0440\u043c\u0430\u0442\u043e\u0440\u0430 &#8211; \u0441\u043e\u0444\u0442\u0432\u0435\u0440\u0441\u043a\u0435 \u0441\u0438\u043c\u0443\u043b\u0430\u0446\u0438\u0458\u0435 \u0438 \u0438\u0441\u043f\u0438\u0442\u0438\u0432\u0430\u045a\u0430<\/strong><\/em>, \u041d\u0438\u043a\u043e\u043b\u0430 \u0421\u0443\u0447\u0435\u0432\u0438\u045b, \u0421\u0430\u0448\u0430 \u0413\u043b\u0438\u0433\u043e\u0440\u043e\u0432, \u0417\u043e\u0440\u0430\u043d \u0421\u0442\u043e\u0458\u0430\u043d\u043e\u0432\u0438\u045b, str. 195 (<a rel=\"noreferrer noopener\" href=\"http:\/\/www.zbornik-eint.org\/wp-content\/uploads\/2021\/12\/13-35037-Sucevic.pdf\" target=\"_blank\">13-35037<\/a>) <a rel=\"noreferrer noopener\" href=\"https:\/\/scindeks.ceon.rs\/article.aspx?artid=0350-85282131195S\" target=\"_blank\">Scindeks<\/a><br><\/li><\/ol>\n","protected":false},"excerpt":{"rendered":"<p>Primena Hejdlerove funkcije u programima za elektromagnetne prelazne procese, Jovan Mrvi\u0107, Ranko Jasika, Ninoslav Simi\u0107, str. 1 (1-32982) Scindeks Uticaj potro\u0161a\u010da na odr\u017eivu dekarbonizaciju budu\u0107eg elektroenergetskog sistema, Vladimir M. \u0160iljkut str. 13 (2-34268) Scindeks Razmatranje koordinacije izolacije u energetskim pretvara\u010dima: osnovni pojmovi i pregled standarda u oblasti, \u017deljko V. Despotovi\u0107, str 39 (3-34666) Scindeks Karakteristi\u010dni &hellip; <a href=\"https:\/\/www.zbornik-eint.org\/?page_id=1415&#038;lang=sr\" class=\"more-link\">Continue reading <span class=\"screen-reader-text\">Zbornik radova, Elektrotehni\u010dki institut Nikola Tesla, knjiga 31, 2021<\/span> <span class=\"meta-nav\">&rarr;<\/span><\/a><\/p>\n","protected":false},"author":1,"featured_media":0,"parent":63,"menu_order":4,"comment_status":"closed","ping_status":"closed","template":"","meta":{"_monsterinsights_skip_tracking":false,"_monsterinsights_sitenote_active":false,"_monsterinsights_sitenote_note":"","_monsterinsights_sitenote_category":0,"footnotes":""},"class_list":["post-1415","page","type-page","status-publish","hentry"],"_links":{"self":[{"href":"https:\/\/www.zbornik-eint.org\/index.php?rest_route=\/wp\/v2\/pages\/1415","targetHints":{"allow":["GET"]}}],"collection":[{"href":"https:\/\/www.zbornik-eint.org\/index.php?rest_route=\/wp\/v2\/pages"}],"about":[{"href":"https:\/\/www.zbornik-eint.org\/index.php?rest_route=\/wp\/v2\/types\/page"}],"author":[{"embeddable":true,"href":"https:\/\/www.zbornik-eint.org\/index.php?rest_route=\/wp\/v2\/users\/1"}],"replies":[{"embeddable":true,"href":"https:\/\/www.zbornik-eint.org\/index.php?rest_route=%2Fwp%2Fv2%2Fcomments&post=1415"}],"version-history":[{"count":6,"href":"https:\/\/www.zbornik-eint.org\/index.php?rest_route=\/wp\/v2\/pages\/1415\/revisions"}],"predecessor-version":[{"id":1448,"href":"https:\/\/www.zbornik-eint.org\/index.php?rest_route=\/wp\/v2\/pages\/1415\/revisions\/1448"}],"up":[{"embeddable":true,"href":"https:\/\/www.zbornik-eint.org\/index.php?rest_route=\/wp\/v2\/pages\/63"}],"wp:attachment":[{"href":"https:\/\/www.zbornik-eint.org\/index.php?rest_route=%2Fwp%2Fv2%2Fmedia&parent=1415"}],"curies":[{"name":"wp","href":"https:\/\/api.w.org\/{rel}","templated":true}]}}