{"id":678,"date":"2017-12-19T15:29:32","date_gmt":"2017-12-19T13:29:32","guid":{"rendered":"http:\/\/www.zbornik-eint.org\/?page_id=678"},"modified":"2026-01-07T17:31:45","modified_gmt":"2026-01-07T15:31:45","slug":"proceedings-electrical-engineering-institute-nikola-tesla-vol-27-2017","status":"publish","type":"page","link":"https:\/\/www.zbornik-eint.org\/?page_id=678&lang=en","title":{"rendered":"Proceedings, Electrical engineering institute Nikola Tesla, vol. 27, 2017"},"content":{"rendered":"<ol>\n<li><em><strong>Using Probability Density Function in the Procedure for Recognition of the Type of Physical Exercise<\/strong><\/em>, Nikola Caki\u0107, Milica Dilpari\u0107, Aleksandar \u017digi\u0107, Sr\u0111an Milosavljevi\u0107, Blagoje Babi\u0107, pp. 1 (<a href=\"http:\/\/www.zbornik-eint.org\/wp-content\/uploads\/2017\/12\/1-13603-cakic-1.pdf\">1-13603<\/a>)\u00a0<a href=\"http:\/\/scindeks.ceon.rs\/article.aspx?artid=0350-85281727001C\">SCIndeks<\/a><\/li>\n<li><em><strong>Review of the Problems Related to Failure of Metal Resistor in Power Transformer Neutral<\/strong><\/em>, Vojin Kosti\u0107, pp. 11 (<a href=\"http:\/\/www.zbornik-eint.org\/wp-content\/uploads\/2017\/12\/2-15388-Vojin-1.pdf\">2-15388<\/a>)\u00a0<a href=\"http:\/\/scindeks.ceon.rs\/article.aspx?artid=0350-85281727011K\">SCIndeks<\/a><\/li>\n<li><em><strong>Broadband Measurements of High-Frequency Electric Field Levels and Exposure Ratios Determination<\/strong><\/em>, Branislav Vulevi\u0107, Ljubi\u0161a \u010ci\u010dkari\u0107, pp. 21 (<a href=\"http:\/\/www.zbornik-eint.org\/wp-content\/uploads\/2017\/12\/3-15519-vulevic-1.pdf\">3-15519<\/a>)\u00a0<a href=\"http:\/\/scindeks.ceon.rs\/article.aspx?artid=0350-85281727021V\">SCIndeks<\/a><\/li>\n<li><em><strong>Analysis of the Impact of Connecting a Larger Number of Small Hydroelectric Power Plants to the Short-circuit Currents Values and Relay Protection System of Distribution Network<\/strong><\/em>, Nikola Su\u010devi\u0107, \u017deljko \u0110uri\u0161i\u0107, pp. 29 (<a href=\"http:\/\/www.zbornik-eint.org\/wp-content\/uploads\/2017\/12\/4-15521-Su\u010devi\u0107-1.pdf\">4-15521<\/a>)\u00a0<a href=\"http:\/\/scindeks.ceon.rs\/article.aspx?artid=0350-85281727029S\">SCIndeks<\/a><\/li>\n<li><em><strong>Optimization of Dynamic MOSA Model Parameters Using ATP\/EMTP Software Tool<\/strong><\/em>, Ranko Jasika, Jovan Mrvi\u0107, Ninoslav Simi\u0107, Ljubi\u0161a \u010ci\u010dkari\u0107, pp. 47 (<a href=\"http:\/\/www.zbornik-eint.org\/wp-content\/uploads\/2017\/12\/5-15534-Jasika-1.pdf\">5-15534<\/a>)\u00a0<a href=\"http:\/\/scindeks.ceon.rs\/article.aspx?artid=0350-85281727047J\">SCIndeks<\/a><\/li>\n<li><strong><em>Temporary Electrical Installations by Contractors in Power Plants and Industry<\/em><\/strong>, Ninoslav Simi\u0107, Jovan Mrvi\u0107, Ranko Jasika, pp. 57 (<a href=\"http:\/\/www.zbornik-eint.org\/wp-content\/uploads\/2017\/12\/6-15592-Simi\u0107-1.pdf\">6-15592<\/a>)\u00a0<a href=\"http:\/\/scindeks.ceon.rs\/article.aspx?artid=0350-85281727057S\">SCIndeks<\/a><\/li>\n<li><em><strong>Determination of Turbine Relative Efficiency in SHPP,<\/strong><\/em> Dane D\u017eep\u010deski, Vladimir Petrovi\u0107, Marko Miji\u0107, pp. 71 (<a href=\"http:\/\/www.zbornik-eint.org\/wp-content\/uploads\/2017\/12\/7-15600-Dane-1.pdf\">7-15600<\/a>)\u00a0<a href=\"http:\/\/scindeks.ceon.rs\/article.aspx?artid=0350-85281727071D\">SCIndeks<\/a><\/li>\n<li><em><strong>Detection of Large Induction Motor Cage Failure by Novel Analysis of the Waveform of the Start up Current<\/strong><\/em>, Radmila Partonji\u0107, \u017darko Janda, Zoran Lazarevi\u0107, pp. 83 (<a href=\"http:\/\/www.zbornik-eint.org\/wp-content\/uploads\/2017\/12\/8-15653-Partonjic-1.pdf\">8-15653<\/a>)\u00a0<a href=\"http:\/\/scindeks.ceon.rs\/article.aspx?artid=0350-85281727083P\">SCIndeks<\/a><\/li>\n<li><em><strong>Analysis of Step-up Transformer Tap Change on the Quantities at the Point of Connection to Transmission Grid<\/strong><\/em>, Dragan \u0110or\u0111evi\u0107, Ana Radovanovi\u0107, Jasna Dragosavac, \u017darko Janda, pp. 91 (<a href=\"http:\/\/www.zbornik-eint.org\/wp-content\/uploads\/2017\/12\/9-15657-\u0110or\u0111evi\u0107-1.pdf\">9-15657<\/a>)\u00a0<a href=\"http:\/\/scindeks.ceon.rs\/article.aspx?artid=0350-85281727083P\">SCIndeks<\/a><\/li>\n<li><em><strong>Importance of Continuous Monitoring and Control of Auxiliary Power Consumption in Thermal Power Plants<\/strong><\/em>, Aleksandar Nikoli\u0107, Radoslav Anti\u0107, pp. 105 (<a href=\"http:\/\/www.zbornik-eint.org\/wp-content\/uploads\/2017\/12\/10-15722-Nikolic-1.pdf\">10-15722<\/a>)\u00a0<a href=\"http:\/\/scindeks.ceon.rs\/article.aspx?artid=0350-85281727105N\">SCIndeks<\/a><\/li>\n<\/ol>\n","protected":false},"excerpt":{"rendered":"<p>Using Probability Density Function in the Procedure for Recognition of the Type of Physical Exercise, Nikola Caki\u0107, Milica Dilpari\u0107, Aleksandar \u017digi\u0107, Sr\u0111an Milosavljevi\u0107, Blagoje Babi\u0107, pp. 1 (1-13603)\u00a0SCIndeks Review of the Problems Related to Failure of Metal Resistor in Power Transformer Neutral, Vojin Kosti\u0107, pp. 11 (2-15388)\u00a0SCIndeks Broadband Measurements of High-Frequency Electric Field Levels and &hellip; <a href=\"https:\/\/www.zbornik-eint.org\/?page_id=678&#038;lang=en\" class=\"more-link\">Continue reading <span class=\"screen-reader-text\">Proceedings, Electrical engineering institute Nikola Tesla, vol. 27, 2017<\/span> <span class=\"meta-nav\">&rarr;<\/span><\/a><\/p>\n","protected":false},"author":1,"featured_media":0,"parent":393,"menu_order":8,"comment_status":"closed","ping_status":"closed","template":"","meta":{"_monsterinsights_skip_tracking":false,"_monsterinsights_sitenote_active":false,"_monsterinsights_sitenote_note":"","_monsterinsights_sitenote_category":0,"footnotes":""},"class_list":["post-678","page","type-page","status-publish","hentry"],"_links":{"self":[{"href":"https:\/\/www.zbornik-eint.org\/index.php?rest_route=\/wp\/v2\/pages\/678","targetHints":{"allow":["GET"]}}],"collection":[{"href":"https:\/\/www.zbornik-eint.org\/index.php?rest_route=\/wp\/v2\/pages"}],"about":[{"href":"https:\/\/www.zbornik-eint.org\/index.php?rest_route=\/wp\/v2\/types\/page"}],"author":[{"embeddable":true,"href":"https:\/\/www.zbornik-eint.org\/index.php?rest_route=\/wp\/v2\/users\/1"}],"replies":[{"embeddable":true,"href":"https:\/\/www.zbornik-eint.org\/index.php?rest_route=%2Fwp%2Fv2%2Fcomments&post=678"}],"version-history":[{"count":14,"href":"https:\/\/www.zbornik-eint.org\/index.php?rest_route=\/wp\/v2\/pages\/678\/revisions"}],"predecessor-version":[{"id":732,"href":"https:\/\/www.zbornik-eint.org\/index.php?rest_route=\/wp\/v2\/pages\/678\/revisions\/732"}],"up":[{"embeddable":true,"href":"https:\/\/www.zbornik-eint.org\/index.php?rest_route=\/wp\/v2\/pages\/393"}],"wp:attachment":[{"href":"https:\/\/www.zbornik-eint.org\/index.php?rest_route=%2Fwp%2Fv2%2Fmedia&parent=678"}],"curies":[{"name":"wp","href":"https:\/\/api.w.org\/{rel}","templated":true}]}}